-16061d - 3b?
-16065a
In base 8, what is 4 - -1431124?
1431130
In base 16, what is -87 + -212765?
-2127ec
In base 16, what is -1 + e5cf0?
e5cef
In base 7, what is -12 + -55156265?
-55156310
In base 6, what is 3 + -20331301144?
-20331301141
In base 2, what is 10110 - 10101111000111010110?
-10101111000111000000
In base 13, what is -5a3b91 - 12?
-5a3ba3
In base 12, what is -90a + -42ab8?
-43806
In base 9, what is 36807 + 7058?
44866
In base 2, what is 1001 - 1011100011100111000110?
-1011100011100110111101
In base 12, what is 6 - -1799b82?
1799b88
In base 8, what is 17546715 - 15?
17546700
In base 2, what is -1101100101011 - 10110001100?
-10000010110111
In base 4, what is 220233 - -110123303?
111010202
In base 7, what is -10401 + 5306?
-2062
In base 8, what is -15 + -315602?
-315617
In base 10, what is -6 - 10740063?
-10740069
In base 5, what is -11120023341222 - -4?
-11120023341213
In base 6, what is 14503 + 11345?
30252
In base 8, what is 101467 + 13422?
115111
In base 14, what is -52b545 + -d?
-52b554
In base 15, what is -40634c45 + 2?
-40634c43
In base 11, what is 38a - -159036?
159415
In base 4, what is 200 - -101231223?
101232023
In base 4, what is 21123102302000 - -2?
21123102302002
In base 12, what is 444694b7 - -1?
444694b8
In base 6, what is 105 + 4005251?
4005400
In base 7, what is -3432 - -16405?
12643
In base 2, what is -1101111100001010 + -100011010100?
-1110011111011110
In base 14, what is -1b864a + 20?
-1b862a
In base 7, what is 3331 - -655456?
662120
In base 12, what is -115 + -68569?
-68682
In base 2, what is -1000 + -1110100010101101011?
-1110100010101110011
In base 7, what is -5 - -43003532?
43003524
In base 12, what is 7060362 + -4?
706035a
In base 16, what is 8 + -beb3b?
-beb33
In base 5, what is -101440323244 - 10?
-101440323304
In base 8, what is 25 + 21272205?
21272232
In base 7, what is 1264 - -3163154?
3164451
In base 5, what is -104220 + 201121?
41401
In base 14, what is 6d + 520235?
5202a4
In base 15, what is 70d - b8dd?
-b1d0
In base 4, what is -22330 + -1232200020?
-1232223010
In base 3, what is 20101 + -11112111221022?
-11112111200221
In base 3, what is 20221221211000 + -21?
20221221210202
In base 7, what is 2415502 + -1?
2415501
In base 16, what is bad1 + 33c4?
ee95
In base 11, what is -a22021 - 0?
-a22021
In base 6, what is -43113023415 - -4?
-43113023411
In base 5, what is 100224 + 110431?
211210
In base 4, what is 2211 - -20122310202?
20122313013
In base 2, what is 0 + 11100100110010?
11100100110010
In base 8, what is -6 - 16275520?
-16275526
In base 4, what is 11 - -10203122012?
10203122023
In base 6, what is -30151245 + 4?
-30151241
In base 12, what is -3a3 + 7ab98?
7a7b5
In base 14, what is -2527b - -136?
-25145
In base 4, what is -11010010 + -3?
-11010013
In base 11, what is 1351 - -684?
1a25
In base 15, what is 475 - 33261?
-32cdb
In base 14, what is -5a - -212ca4?
212c48
In base 3, what is 2211 - 22011000101110?
-22011000021122
In base 15, what is -15660 + -52?
-156b2
In base 9, what is 532 + -5084011?
-5083368
In base 7, what is 3405203 + 4223?
3412426
In base 4, what is -31 - 1300003212231?
-1300003212322
In base 8, what is -23225 - 41176?
-64423
In base 16, what is bb0634 + 4?
bb0638
In base 13, what is -229109 - -48?
-229091
In base 5, what is 21 - -110232234211?
110232234232
In base 12, what is 350 + -13a90a?
-13a57a
In base 5, what is 433332 - -42413?
1031300
In base 5, what is -314122000 + -10?
-314122010
In base 12, what is 28b955 - -16?
28b96b
In base 15, what is 2645 + 2322?
4967
In base 15, what is -4 + -11a08a6?
-11a08aa
In base 4, what is 113 - 31231221220?
-31231221101
In base 10, what is 1 - 4791180?
-4791179
In base 9, what is 3 + -554433518?
-554433515
In base 9, what is -1060583 - 161?
-1060754
In base 16, what is e - 1c55bd?
-1c55af
In base 9, what is -5577062 - 7?
-5577070
In base 7, what is 1225201 + 63?
1225264
In base 3, what is -121010202 - 2000210?
-200011112
In base 8, what is -6516 - -36772?
30254
In base 6, what is -52252 - -321012?
224320
In base 11, what is -10a + -730a?
-7419
In base 15, what is -e39a21 + 1?
-e39a20
In base 10, what is -61263138 + -3?
-61263141
In base 14, what is 4 + 2a3d4a4?
2a3d4a8
In base 4, what is 32112023 - 100302?
32011121
In base 11, what is 0 + 10219994?
10219994
In base 14, what is c1 + d0b67?
d0c48
In base 11, what is a46a + -248?
a222
In base 9, what is -161375 + -807?
-162283
In base 5, what is 10 - 1012412442?
-1012412432
In base 10, what is 35 - 8549449?
-8549414
In base 5, what is -10 + -1103222323?
-1103222333
In base 12, what is -4 - -4260a4?
4260a0
In base 7, what is -434143 - -10134?
-424006
In base 6, what is -301550 - 1032?
-303022
In base 8, what is -322 - 4235252?
-4235574
In base 5, what is 1 - -1344442201?
1344442202
In base 8, what is -270312254 + 0?
-270312254
In base 5, what is 140042401 - -40?
140042441
In base 7, what is -6 + -55605106?
-55605115
In base 12, what is -8b1 - -1bab83?
1ba292
In base 16, what is -cbf + -482?
-1141
In base 9, what is 4 + -156748?
-156744
In base 9, what is -43 - 650423?
-650466
In base 8, what is -6454 + -27446?
-36122
In base 15, what is -59 + -2ae338?
-2ae392
In base 5, what is 23114 + -30343324?
-30320210
In base 5, what is 120210321004 - 4?
120210321000
In base 2, what is 10111110001 + 11101110?
11011011111
In base 4, what is -122 + -100302300121?
-100302300303
In base 5, what is 1 - 201402034413?
-201402034412
In base 15, what is -7d3bd61 - -8?
-7d3bd58
In base 14, what is -3a9b1 - -4d?
-3a962
In base 11, what is 128a904 - -31?
128a935
In base 4, what is 22 - -22133203132?
22133203220
In base 6, what is 12 - -5043511?
5043523
In base 16, what is -495a - 16b1?
-600b
In base 8, what is -306 + 334373?
334065
In base 4, what is -330102110 - -13113?
-330022331
In base 12, what is -18 - -3b018?
3b000
In base 11, what is -85 + 94a98?
94a13
In base 9, what is -3 + -5082852?
-5082855
In base 14, what is 16c + 1ab0?
1c3c
In base 13, what is -27 - 959450?
-959477
In base 7, what is 115 - 56461560?
-56461442
In base 8, what is 4 + -44146515?
-44146511
In base 9, what is -835 - -386526?
385581
In base 4, what is -22001 + -112122333?
-112211000
In base 12, what is 4446 + 39?
4483
In base 5, what is -13442 - 124240110?
-124304102
In base 6, what is -3253 + -4424?
-12121
In base 12, what is 7208ba + 3a?
720938
In base 16, what is -24134 + -1f1?
-24325
In base 9, what is -5 - -818647?
818642
In base 6, what is 14102 + 125331?
143433
In base 2, what is -10100 - 111110001010011000000101?
-111110001010011000011001
In base 12, what is 903 - -201?
b04
In base 16, what is -89e7 + -ce8?
-96cf
In base 13, what is 202962cb + -5?
202962c6
In base 6, what is -2 - 5253332244?
-5253332250
In base 12, what is -13b + -12b3b72?
-12b40b1
In base 12, what is -14 + -375012?
-375026
In base 13, what is 74b5 - 6b0?
6b05
In base 4, what is -2113230 + 12311?
-2100313
In base 15, what is -296868 - -5?
-296863
In base 11, what is -42152a - -98?
-421442
In base 9, what is -40680 + -58320?
-110110
In base 6, what is -303210 + -252010?
-555220
In base 6, what is 5 - 12054302004?
-12054301555
In base 11, what is -96593a + 1?
-965939
In base 3, what is 100021020121212 + -2?
100021020121210
In base 7, what is 15240253 - 0?
15240253
In base 3, what is -22210110202120120 - 101?
-22210110202120221
In base 15, what is -4ec5 + -6114?
-b0d9
In base 5, what is -12414104 + -4230?
-12423334
In base 16, what is -8ab - -6f7?
-1b4
In base 13, what is -1700610 - -1?
-170060c
In base 5, what is 3 + -1240433142?
-1240433134
In base 3, what is -110210012102 + -20010?
-110210102112
In base 6, what is -2255240100 + 2?
-2255240054
In base 15, what is -93 - -5d054?
5ceb1
In base 12, what is -1a5846111 + -1?
-1a5846112
In base 9, what is 14 + 362442?
362456
In base 16, what is df798c - -3?
df798f
In base 5, what is 2 + 1144034000?
1144034002
In base 8, what is 0 - 136517226?
-136517226
In base 7, what is 161426623 + 0?
161426623
In base 7, what is -10 + -2024643144?
-2024643154
In base 3, what is -10101100 + -1110102200?
-1120211000
In base 14, what is 4 + 1c861185?
1c861189
In base 2, what is -10110101010 - 10100000110001?
-10110111011011
In base 7, what is 4136006 - 566?
4135110
In base 9, what is 6234258 + 2?
6234261
In base 11, what is 12 - -26882015?
2